2, 11, 17203
List the prime factors of 1309406.
2, 7, 93529
What are the prime factors of 912939?
3, 23, 101, 131
What are the prime factors of 957229?
7, 13, 67, 157
List the prime factors of 8126539.
8126539
What are the prime factors of 2185622?
2, 17, 64283
List the prime factors of 252406.
2, 7, 11, 149
What are the prime factors of 2325142?
2, 1162571
List the prime factors of 18532.
2, 41, 113
List the prime factors of 221808.
2, 3, 4621
What are the prime factors of 16949658?
2, 3, 11, 256813
What are the prime factors of 9083?
31, 293
What are the prime factors of 31032925?
5, 7, 11, 47
What are the prime factors of 313284?
2, 3, 26107
What are the prime factors of 19736229?
3, 6578743
List the prime factors of 959011.
191, 5021
What are the prime factors of 512851?
107, 4793
List the prime factors of 7083592.
2, 885449
What are the prime factors of 12304875?
3, 5, 11, 19, 157
What are the prime factors of 349929?
3, 59, 659
List the prime factors of 2028745.
5, 405749
List the prime factors of 2169275.
5, 86771
List the prime factors of 25428139.
11, 37, 62477
What are the prime factors of 2055782?
2, 1027891
List the prime factors of 27679704.
2, 3, 13, 79, 1123
What are the prime factors of 409184?
2, 19, 673
What are the prime factors of 18261698?
2, 7, 13, 19, 5281
List the prime factors of 556227.
3, 7, 109
List the prime factors of 10866890.
2, 5, 1086689
What are the prime factors of 30442165?
5, 13, 103, 4547
List the prime factors of 925457.
13, 257, 277
List the prime factors of 1705454.
2, 59, 97, 149
List the prime factors of 832717.
832717
What are the prime factors of 7367153?
23, 59, 61, 89
List the prime factors of 1862057.
19, 23, 4261
What are the prime factors of 1689169?
43, 163, 241
List the prime factors of 1297326.
2, 3, 463, 467
List the prime factors of 60145.
5, 23, 523
List the prime factors of 1276084.
2, 31, 41, 251
What are the prime factors of 179867?
41, 107
What are the prime factors of 1997811?
3, 61, 1213
List the prime factors of 24500806.
2, 11, 137, 739
List the prime factors of 12529044.
2, 3, 11, 29, 1091
What are the prime factors of 23069580?
2, 3, 5, 31, 79, 157
What are the prime factors of 1454287?
859, 1693
What are the prime factors of 22824154?
2, 733, 15569
List the prime factors of 3354364.
2, 13, 251, 257
List the prime factors of 174912.
2, 3, 911
What are the prime factors of 561009?
3, 187003
List the prime factors of 3108878.
2, 1554439
What are the prime factors of 544150?
2, 5, 10883
List the prime factors of 186934.
2, 11, 29, 293
What are the prime factors of 8781806?
2, 11, 399173
What are the prime factors of 7647858?
2, 3, 17, 2777
List the prime factors of 34621.
89, 389
List the prime factors of 251718.
2, 3, 41953
What are the prime factors of 149897?
11, 13627
List the prime factors of 1502830.
2, 5, 7, 3067
List the prime factors of 2946079.
1609, 1831
What are the prime factors of 514705?
5, 311, 331
What are the prime factors of 20367?
3, 31, 73
What are the prime factors of 38064839?
23, 773, 2141
List the prime factors of 189207.
3, 21023
What are the prime factors of 66902?
2, 11, 3041
List the prime factors of 1166310.
2, 3, 5, 12959
List the prime factors of 31073725.
5, 127, 9787
List the prime factors of 839766.
2, 3, 17, 8233
List the prime factors of 21895001.
401, 54601
List the prime factors of 2330340.
2, 3, 5, 38839
What are the prime factors of 171247?
19, 9013
What are the prime factors of 266565?
3, 5, 13, 1367
List the prime factors of 379713.
3, 47, 2693
List the prime factors of 32891.
31, 1061
List the prime factors of 2722626.
2, 3, 127, 397
List the prime factors of 203355.
3, 5, 4519
What are the prime factors of 232495?
5, 46499
What are the prime factors of 15475711?
23, 109, 6173
What are the prime factors of 480788?
2, 7, 11, 223
List the prime factors of 620391.
3, 227, 911
What are the prime factors of 744884?
2, 7, 37, 719
What are the prime factors of 1067677?
13, 82129
List the prime factors of 2124220.
2, 5, 7, 15173
What are the prime factors of 489286?
2, 7, 34949
List the prime factors of 275481.
3, 19, 179
What are the prime factors of 188465?
5, 37693
What are the prime factors of 146775?
3, 5, 19, 103
What are the prime factors of 33202788?
2, 3, 61, 67, 677
List the prime factors of 4755157.
11, 432287
What are the prime factors of 14334530?
2, 5, 7, 47, 4357
What are the prime factors of 864812?
2, 13, 16631
List the prime factors of 564097.
564097
List the prime factors of 47844.
2, 3, 443
What are the prime factors of 7447821?
3, 2482607
List the prime factors of 412238.
2, 31, 61, 109
List the prime factors of 7208245.
5, 11, 131059
What are the prime factors of 2135136?
2, 3, 23, 967
What are the prime factors of 13090266?
2, 3, 7, 23, 4517
What are the prime factors of 523109?
523109
What are the prime factors of 3247299?
3, 11, 32801
What are the prime factors of 32965?
5, 19, 347
What are the prime factors of 624404?
2, 11, 23, 617
What are the prime factors of 1214181?
3, 134909
List the prime factors of 4100694.
2, 3, 13, 19, 2767
List the prime factors of 6722579.
67, 269, 373
What are the prime factors of 268184?
2, 7, 4789
List the prime factors of 121236.
2, 3, 10103
What are the prime factors of 635965?
5, 11, 31, 373
List the prime factors of 84590.
2, 5, 11, 769
List the prime factors of 1376428.
2, 101, 3407
What are the prime factors of 3755364?
2, 3, 373, 839
List the prime factors of 2702450.
2, 5, 54049
What are the prime factors of 509179?
11, 41, 1129
What are the prime factors of 3156507?
3, 37, 9479
What are the prime factors of 13573827?
3, 29, 131, 397
What are the prime factors of 986127?
3, 328709
What are the prime factors of 253239?
3, 7, 31, 389
List the prime factors of 29279348.
2, 7, 1045691
What are the prime factors of 181436?
2, 67, 677
What are the prime factors of 2730583?
23, 227, 523
List the prime factors of 60725.
5, 7, 347
List the prime factors of 38921720.
2, 5, 79, 109, 113
List the prime factors of 103698.
2, 3, 7, 823
What are the prime factors of 314308?
2, 78577
List the prime factors of 3474166.
2, 139, 12497
List the prime factors of 897761.
137, 6553
What are the prime factors of 4995919?
4995919
List the prime factors of 18298953.
3, 17, 97, 137
List the prime factors of 8285207.
7, 47, 25183
List the prime factors of 979876.
2, 199, 1231
List the prime factors of 730289.
7, 104327
What are the prime factors of 338733?
3, 61, 617
What are the prime factors of 5096548?
2, 1274137
What are the prime factors of 33638?
2, 11, 139
What are the prime factors of 3070145?
5, 13, 149, 317
List the prime factors of 200599.
7, 28657
List the prime factors of 475923.
3, 7, 131, 173
List the prime factors of 2025499.
7, 17, 17021
List the prime factors of 390147.
3, 47, 2767
List the prime factors of 2926181.
2926181
What are the prime factors of 6509689?
6509689
List the prime factors of 6656886.
2, 3, 369827
What are the prime factors of 2045507?
233, 8779
List the prime factors of 2539071.
3, 53, 5323
What are the prime factors of 605501?
13, 47, 991
List the prime factors of 178190.
2, 5, 103, 173
What are the prime factors of 133967?
133967
List the prime factors of 85530.
2, 3, 5, 2851
What are the prime factors of 908718?
2, 3, 17, 59, 151
What are the prime factors of 2181523?
19, 6043
List the prime factors of 426865.
5, 59, 1447
What are the prime factors of 324894?
2, 3, 173, 313
List the prime factors of 1403.
23, 61
What are the prime factors of 13808092?
2, 677, 5099
What are the prime factors of 5001999?
3, 97, 17189
What are the prime factors of 8449986?
2, 3, 17, 37, 2239
List the prime factors of 636765.
3, 5, 42451
List the prime factors of 718056.
2, 3, 9973
What are the prime factors of 5996088?
2, 3, 7, 11897
What are the prime factors of 506416?
2, 31, 1021
List the prime factors of 572427.
3, 37, 191
What are the prime factors of 1683094?
2, 7, 23, 5227
List the prime factors of 3641096.
2, 37, 12301
What are the prime factors of 284123?
7, 37, 1097
List the prime factors of 212280.
2, 3, 5, 29, 61
List the prime factors of 639348.
2, 3, 53279
What are the prime factors of 3304227?
3, 1101409
What are the prime factors of 326474?
2, 239, 683
List the prim